2. Let c = 728 - a. Is c a prime number?
False
Let n = 0 + -13. Is (n/3 + 4)*-1623 composite?
False
Let b(a) = a**2 + 9*a + 1. Let j be b(-6). Let s = -21 - j. Let z = s + 14. Is z composite?
True
Let q(y) = y**3 - y**2 - y - 3. Let z be q(3). Suppose z*d = 7*d + 745. Is d a composite number?
False
Let z(i) = i**2 - 19*i + 16. Let k be z(18). Is (-445)/(k/(2 + 0)) prime?
False
Let p = 16 - 14. Let d(g) = 2*g**2 + p + 8*g**3 + g - 1 - 3*g**2 - 28*g**3. Is d(-1) a prime number?
True
Let h(j) = -56*j. Let t be h(-8). Suppose -i + 2*d + 451 = 2*i, t = 3*i - 5*d. Let u = i - 98. Is u composite?
False
Let q = -48 - -43. Let r(a) = a**3 + 6*a**2 - 2*a + 12. Is r(q) composite?
False
Suppose 0 = k + 5*x - 321, -x - 25 = 4*x. Let d = -229 + k. Let b = d + -50. Is b a prime number?
True
Let n = 1174 + -543. Is n prime?
True
Let n(v) = 1. Let f(u) = 7*u + 3. Let o(h) = -f(h) + 5*n(h). Let y(p) = -8*p + 2. Let d(a) = -5*o(a) + 6*y(a). Is d(-5) a composite number?
False
Is 3 + (-36)/(-6) + 2444 prime?
False
Suppose -u - 1014 = 4*u + 2*i, -2*i = -4*u - 804. Let l = 1435 - u. Is l composite?
False
Suppose -3*n - 540 + 3759 = 0. Is n prime?
False
Suppose 18*x = 20719 - 1. Is x a composite number?
False
Let i = 25 - 15. Let p = -196 - -208. Suppose i*h + 106 = p*h. Is h prime?
True
Let g(l) = -19*l**2 + 1741. Is g(0) composite?
False
Let d be -2*(-4 - -2) + -3 - -87. Let v = 43 - 26. Suppose q - d = -v. Is q a prime number?
True
Let z(c) = -5*c**3 + 3*c**2 - 23*c - 40. Is z(-11) prime?
False
Let l(s) = -30*s + 7. Let w(o) = o - 1. Let p(g) = l(g) - w(g). Is p(-9) a prime number?
False
Let t be (-1 - 1761/(-9))*(3 + 6). Let j = t - 679. Is j composite?
True
Suppose 77 = 14*m + 1225. Let r = 2781 - m. Is r composite?
True
Suppose -4*k + 8626 = 934. Is k prime?
False
Let u = 867 - -2921. Is u - 1*(-5)/(-5) composite?
True
Suppose 22 = x + 3*p - 7*p, 3*p + 7 = -4*x. Suppose x*n = -3*n + 5*t + 30, 28 = 3*n - 5*t. Suppose -5 = -2*a - n. Is a a prime number?
True
Let s(n) = 46*n**3 + 2*n**2 + 2*n + 2. Let j be s(3). Let b be ((-56)/(-35) + -1)/(6/20). Suppose b*t = -2*t + j. Is t prime?
True
Let u(y) = y + 10. Let l be u(-7). Is 0 + 1349/l + (-24)/36 a prime number?
True
Suppose 0 = 5*x - 19*x - 16730. Suppose -s = -0*s - 1904. Let y = s + x. Is y a composite number?
False
Let y(w) = 243*w**2 - w - 3. Let h be y(2). Suppose 29*o - 30*o + h = 0. Is o composite?
False
Let i(z) be the third derivative of 7*z**5/30 + z**4/24 + z**3/6 - 2*z**2. Suppose -11*a = -15*a + 8. Is i(a) prime?
True
Is (471812/220)/((0 - -2)/10) a prime number?
True
Let z = -31544 + 130861. Is z a prime number?
True
Let o(n) = -n**2 + 6*n - 3. Let v be o(5). Let u = -21 - -23. Suppose -v*b + 288 = u*j - 26, 4*j - 145 = -b. Is b a composite number?
True
Suppose 2210 = 4*a - 9374. Suppose -5*j = -5*b - 4840, 0*j + 3*j + 5*b = a. Is j a composite number?
False
Let g(s) be the first derivative of s**4/4 - s**3/3 + 1121*s - 8. Is g(0) a composite number?
True
Let m(y) = y**3 + y - 1. Let d(j) = 4*j**3 + 4*j**2 - 2*j. Let a(q) = -d(q) + 3*m(q). Let k be a(-5). Is (-389)/k*(3 - 0) composite?
False
Let h(s) = s**3 + 60*s**2 - 31*s - 53. Is h(-51) a prime number?
False
Let s be (-38)/(-10) + (-4)/(-20). Is s - 0 - (-631 - 20/(-5)) a prime number?
True
Suppose 4*u = 8, 4*v - 4*u - 2732 - 1168 = 0. Is v prime?
True
Let y = -7 + 7. Let d be (-42)/(-12)*(22 - y). Let a = d - -570. Is a prime?
True
Suppose -4*b = -3*h - 17, 0 = -3*b + 6*b - 4*h - 18. Suppose 0 = a - b*a + 535. Is a a prime number?
False
Suppose -7*w + 6 = -10*w. Let k(p) = -p**2 - 6*p - 2. Let v be k(-7). Is ((-879)/v)/(w/(-6)) composite?
False
Let x = 10847 + -1674. Is x a composite number?
False
Let f = -2714 - -4717. Is f composite?
False
Let l be 0/(5/(-15)*-3). Suppose -g + l*g + 308 = -k, 4*k + 925 = 3*g. Is g a prime number?
True
Let b(t) = -22*t**3 - 15*t**2 - 2*t. Let s(v) = -23*v**3 - 14*v**2 - v + 1. Let o(x) = -6*b(x) + 7*s(x). Is o(-3) a prime number?
False
Let x be (4/8)/((-1)/(-4)). Let m be -5*93/10*-2. Is ((m*x)/(-3))/(-2) prime?
True
Let u(k) = 34*k**2 - 317. Is u(35) a prime number?
True
Suppose 27 = -6*l + 15*l. Suppose -8*s + 3*s = 4*h, 0 = -5*s. Suppose -l*w + h*w = -1347. Is w composite?
False
Suppose -9*g + 7041 = -7368. Is g prime?
True
Suppose 21*o - 18*o + x - 16756 = 0, 3 = 3*x. Is o a composite number?
True
Suppose 26*h = 71*h - 362925. Is h a composite number?
True
Let a(z) = 11*z**2 + 2*z - 3. Suppose 0 = -0*h - h - 6. Let d be a(h). Suppose -7*q + 4*q + d = 0. Is q composite?
False
Suppose 0 = -66*d + 56*d + 3710. Is d a composite number?
True
Suppose 20*c - 17*c - 10917 = 0. Is 4/((-12)/c)*-1 composite?
False
Suppose 0 = 3*o - 0*k - 5*k - 9811, -k = 4*o - 13112. Is o prime?
False
Suppose -1 = -2*a + 3. Let q be a*3/((-6)/(-7)). Suppose q = l - 30. Is l composite?
False
Suppose 392*r + 12812 = 396*r. Is r a prime number?
True
Suppose -3*q + 5*f + 11422 = 0, -q + 2584 = 4*f - 1246. Is q prime?
False
Suppose -105*s = -92*s - 160069. Is s a composite number?
True
Let p(x) be the second derivative of -x**4/12 - x**3/3 + 9*x. Let t be p(0). Suppose 5*w + 5*l - 765 = t, 3*w - 458 - 17 = 5*l. Is w prime?
False
Suppose -2*p = -q + 2, 0 = -3*q - p - 18 + 3. Is (q/(-2))/((-10)/(-2865)) composite?
True
Let o(a) = a**3 - 7*a**2 - 73*a + 110. Is o(21) composite?
False
Suppose -3 = 2*n - 9. Suppose -k + 5 = -4*a, -7 = -2*k + n. Suppose 5*y + 0*y - 745 = a. Is y composite?
False
Let w be (3 - 1 - 3)*-11. Let a = -6 + w. Suppose 4*o - 475 = -3*g, -154 = 5*o + a*g - 749. Is o a prime number?
False
Let p = 32 - 13. Suppose -3*a + 2*l - 4*l + p = 0, -4*l + 10 = 2*a. Suppose -a*t = -8*t + 157. Is t a composite number?
False
Let m(q) = -100*q**3 + 5*q**2 + 12*q - 41. Is m(-8) a prime number?
True
Suppose 5*m - 3714 = 19201. Is m a prime number?
True
Let b = 11 - 9. Let w be (-1 - b - -5) + 2. Is (-1 + 0)/(w/(-76)) composite?
False
Let d(r) = -11*r**2 + 3*r + 2. Suppose -2*p = 8 - 2. Let v be d(p). Is v/(-3)*(-6)/(-4) prime?
True
Let s(f) = 34*f**3 + f**2 - f - 5. Is s(6) composite?
False
Let v(y) = y**3 + 13*y**2 + 8*y - 21. Let u be (3 - -8)/(2*1/(-2)). Is v(u) a prime number?
False
Let n(i) = i**3 + 24*i**2 + 12*i + 167. Is n(-18) a composite number?
True
Let m(g) = 3*g**2 + g + 2. Let z be m(-1). Suppose z*h - 73 = -217. Let b = 101 + h. Is b prime?
False
Is (-1 + 0)*26905*7/(-35) a composite number?
False
Let z = -16373 + 32556. Is z composite?
False
Suppose -4*g - 1191 = h, 2*g = 4*h - 2*g + 4704. Is h/(-6)*(-1 + 3) composite?
True
Let c = 45 - 150. Let v = c - -344. Is v composite?
False
Let b(h) = -30*h - 2. Let t(w) = -179*w - 13. Let v(n) = -34*b(n) + 6*t(n). Is v(-8) composite?
True
Let b(x) = 8*x**2 - 4*x - 4. Let q(c) = -7*c**2 + 5*c + 5. Let i(n) = 6*b(n) + 5*q(n). Let t(l) = -l**2 + 3*l - 3. Let j be t(2). Is i(j) a composite number?
False
Suppose n = 24 - 18. Is (1058/8 + n)/((-1)/(-4)) a prime number?
False
Let q(t) = 3*t + 186. Suppose y = -3*y. Let n be q(y). Is (-1)/5 - n/(-5) a prime number?
True
Let c(x) = 18*x - 7. Let p(u) = -u + 1. Let g(j) = -c(j) + 3*p(j). Suppose 0*y + y - 4*k + 17 = 0, -2*y + 5*k = 28. Is g(y) prime?
True
Let q(g) be the first derivative of g**4/4 + 2*g**3 - 3*g**2/2 - 2*g + 1. Let m be q(-5). Let o = m + 17. Is o composite?
True
Let h be ((-20)/(-12) - 2)*-21. Let o = 13 - h. Let f(m) = 10*m - 5. Is f(o) prime?
False
Let w(c) = -7626*c. Let y be w(-1). Let p = y - 5333. Is p prime?
True
Is (-122)/610 - (-1)/(10/60072) prime?
True
Suppose 1188 = 3*j + j. Let x = j - 13. Suppose 0 = -3*q - q + x. Is q a prime number?
True
Let j be (0 + -1)*1*-5. Suppose w - 1803 = -4*y, -5*y - 4*w + j*w = -2256. Is y a prime number?
False
Suppose 8*z - 104678 = 62114. Is z a prime number?
True
Let d = 2555 - -2916. Is d a prime number?
True
Is ((-330447)/148)/(3/(-8)) + -3 a prime number?
False
Suppose -3*a + 4*d = -7891, -2376 = -4*a - 5*d + 8166. Is a a composite number?
False
Suppose q + 3*q - b = 1, -12 = -4*b. Let f be 2 - q - (-3)/(-1). Let t = 109 - f. Is t a prime number?
False
Suppose -2*j + 2514 + 7160 = 0. Suppose -5*b + j = -3*y, -2900 = -3*b + 4*y - 0*y. Is b/4*1/2 prime?
False
Let k be (-4 + 3)/(1/(-212)). Let m = 571 - k. Is m prime?
True
Let r = -3349 - -5939. Is 0 + (4/(-8) - r/(-4)) co